 0 = 24*n + 33 - 9. What is x(n)?
-6
Let z(n) be the second derivative of 0*n**3 - 1/6*n**4 - n**2 + 0 + 1/10*n**5 + 2*n. Suppose -2*a + 2 = -55*w + 57*w, 2 = 3*a + 4*w. Calculate z(a).
6
Let i(u) = -u - 1. Let s = 4213 + -4214. Let w(x) = 18*x**2 + 3*x + 1. Suppose 2 = -2*n - 2. Let r(v) = n*i(v) + s*w(v). Determine r(1).
-18
Let l(z) = z**2 - 6*z + 11. Let g be l(4). Let f(x) = -6 + x**g + 0*x**3 + 6*x**2 - 517*x + 518*x. Calculate f(-6).
-12
Let j be ((-1980)/(-10))/(-11) + 11. Let l(u) = u**3 + 6*u**2 - 8*u + 1. Determine l(j).
8
Let r = 22 - 31. Let p be 0/(r/(9/2)). Let s(z) = p*z + z + 2 + 1 - z**2. Calculate s(0).
3
Let z(r) = 216*r**3 + r**2 - 6*r - 5. Let v be z(-1). Let m = v + 211. Let b(y) = y**3 + 4*y**2 + 5*y + 3. Give b(m).
-3
Let i(s) = 17*s - 5. Let j(y) = 4*y - 3. Let f(v) = 3*i(v) - 13*j(v). Calculate f(7).
17
Suppose -4*w - 30 = -2*j + 22, 0 = 2*j - w - 34. Let q(g) be the first derivative of 0*g + j + 5/2*g**2. Calculate q(4).
20
Let v(i) be the third derivative of -5*i**4/12 - 7*i**3/6 + 63*i**2 - 2*i - 7. Give v(2).
-27
Suppose -12 = -3*f + 3*y, 0*y = -f - 3*y + 12. Let a(g) = 4*g**3 + g - 14. Let m(o) = 5*o**3 + o**2 + o - 16. Let h(w) = f*a(w) - 5*m(w). Calculate h(-5).
-9
Let y(s) be the first derivative of -4*s**2 + 1/3*s**3 + 15*s + 4. What is y(6)?
3
Let t(q) be the first derivative of -5 + q + 9/2*q**2 + 1/6*q**3. Let c(k) be the first derivative of t(k). Determine c(-7).
2
Let z(x) = -x**2 - 10*x + 5. Let t(j) be the second derivative of -j**4/12 - 5*j**3/6 + 3*j**2/2 + 14*j. Let y(h) = -5*t(h) + 3*z(h). Calculate y(4).
12
Let g(r) = -r**3 - 15*r**2 - 14*r - 5. Let w be g(-14). Let h be (2/6)/(w/60). Let o be 3*(1 - 0/h). Let l(z) = 3*z. Determine l(o).
9
Let u(q) be the third derivative of q**5/60 + 7*q**4/24 + 11*q**3/3 + 10*q**2 + 127. Give u(-3).
10
Suppose -3*d - 4*z = 5 + 44, 0 = d + 4*z + 27. Let l(t) be the first derivative of 2*t**2 + 16*t - 134296. Determine l(d).
-28
Let t be (-2 + 4 - -1) + (-40 - -41). Suppose 0 = -4*r, 3*r + 1 = -2*k + 3*k. Let d(a) = -a**2 - 4 - 2*a - a**3 + 6*a**2 - k. Determine d(t).
3
Let a(k) be the second derivative of k**5/20 + 5*k**4/6 - 13*k**3/6 - 10*k**2 - 22*k. Let p be a(-11). Let v(u) = -1 - 1 + 5 + 1 - p*u. What is v(5)?
-6
Let c(h) = -15*h + 32*h - 8*h + 11*h**2 - 11*h - 1. Calculate c(2).
39
Suppose 2*c + 31 = 5*g, 52*g - 50*g - 16 = -c. Let r(a) = a**3 - 6*a**2 - 5*a + 4. Determine r(g).
18
Let h(p) = -p**2 - 4*p + 3. Let b(c) = c**3 - 5*c**2 - 2*c - 30. Suppose -1436 = -4*q - 1412. Let n be b(q). Calculate h(n).
-9
Let s = 114 + -4. Let u(w) = 103 - w + 2*w - s. Calculate u(6).
-1
Let i be (1/3)/(2/12). Let p(q) = 0*q**2 + 2 - q**3 + q + 4*q**i + 3. Let l(j) = j**2 - 123*j + 4. Let d be l(0). Determine p(d).
9
Let t be (1 - 0)/(2/32). Suppose -2*z - 11 = -3*z - 3*y, -2*y = 5*z - t. Let l(j) = -j. Let i(m) = -2. Let b(s) = -i(s) + 5*l(s). Determine b(z).
-8
Let u be (-4)/(-6)*-2*3. Suppose 3*t = -3*c + 231 - 33, 123 = 2*t - c. Let x(b) = 17 + 22 + b + 23 - t. Give x(u).
-5
Let h(y) = y**2 + 5*y + 2. Let n(d) = -3*d**2 + 29*d - 9. Let z be n(9). Suppose -3*q - 15 = 5*x, -6*x - 4*q = -z*x - 9. Calculate h(x).
-4
Let w(h) = 36*h - 107. Let d be w(6). Let g(c) = -106*c - d*c + 8 + 216*c. Let j(q) = q**3 - 2*q**2 - 2*q + 3. Let r be j(3). Calculate g(r).
14
Let h(s) = 2*s**3 - 3*s**2 + 2*s + 1. Let j(o) = -3*o**2 - 11*o + 40. Let g be j(3). Let m = 22 + g. Determine h(m).
9
Let z be 2*-1 + -6 + (-77)/(-7). Suppose -4*b + 5*b = 3. Let d(w) = 2 + 2*w**3 - 3*w + w**b + 4*w**2 - 4*w**3. Calculate d(z).
2
Let t(o) = 2*o - 10. Suppose 0 = 14568*w - 14576*w. Give t(w).
-10
Let f(m) = -m**3 + 10*m**2 - 7*m - 20. Let n(w) = w**2 - 18*w + 9. Let z be n(18). Let h be f(z). Let b(c) = -2*c**2 + 7*c**2 - 4*c**2 + c + 2. Determine b(h).
4
Let u(a) be the first derivative of a**4/4 - 5*a**3/3 - 21*a**2/2 + 3302. Determine u(6).
-90
Suppose -6*c = 5*z - 88, 2*z - 3*c - 18 = 1. Let d(k) be the second derivative of -k**5/20 + 7*k**4/6 - k**3/6 + 11*k**2/2 + 3*k. Give d(z).
-3
Suppose -31 + 67 = 12*k. Let p(b) = 22*b**3 - 16*b + 0 + 3*b**2 + 2 + 13*b**2 - 23*b**k. Determine p(15).
-13
Let o(u) = 2*u**2 - 7*u + 6. Suppose -3*y + 71 - 59 = 0. Suppose -4*b = g - 0 + 12, y*g + 4 = -5*b. Give o(g).
10
Let y = -44 + 63. Let u(k) = 33*k - 20. Let p(n) = 28*n - 26. Let x(r) = -6*p(r) + 5*u(r). Calculate x(y).
-1
Let n be -2 + (-4 - 5/(-20))*-4. Let r(v) = 0*v + 1414 + v - 1405 - 3*v. Give r(n).
-17
Let x(g) = -10*g**2 - 2. Let t(r) = -9*r**2 + r - 2. Let q(b) = -3*t(b) + 2*x(b). Let a = 10483 + -10482. Give q(a).
6
Suppose -2*b - 17 = -3*w, -13 + 8 = 5*w + 5*b. Suppose 0 = -13*n - 10 - w. Let l(u) = -4 - u**2 + 3 - u - 7*u**2. Calculate l(n).
-8
Let c(s) be the second derivative of -s**6/720 + s**5/20 - s**4/6 + 39*s**3/2 + 83*s. Let b(j) be the third derivative of c(j). Calculate b(6).
0
Let i(g) = -g**3 + 13*g**2 + 10. Let q be i(13). Suppose q*b = 9*b - 12. Let j be (30/(-9) + 0)/(8/b). Let t(r) = -r**3 + 4*r**2 + 5*r + 6. What is t(j)?
6
Let t(u) be the second derivative of -u**3/3 - 2*u**2 - u. Let x(q) = 308*q**3 + 4 - 307*q**3 + 6*q**2 + q - 7*q. Let w be x(-7). Determine t(w).
2
Let u(y) = -y**2 - 9*y - 22. Let z be (1 - 1)/(-120 + 122) - (8 + -1). Give u(z).
-8
Let i(d) be the first derivative of -5*d**3/3 - 4*d**2 - 4*d + 9090. Give i(-3).
-25
Let l(z) = 406*z - 406. Let k be l(1). Let p(d) be the third derivative of 0*d - 10*d**2 - 1/6*d**4 - 1/60*d**5 + k*d**3 + 1/120*d**6 + 0. Determine p(3).
6
Let o(z) = z**3 + 12*z**2 + 2*z - 34. Let d be o(-11). Let t = 85 - d. Let m = t + -24. Let w(u) = 2*u**2 + 4*u - 5. Give w(m).
11
Let s(h) be the first derivative of 166 + 1/4*h**4 + 2*h**3 - 7/2*h**2 - 3*h. Determine s(-7).
-3
Let c(j) = -j**3 - 2*j**2 + 16*j + 2. Suppose -20*p - 24 = -27 + 103. What is c(p)?
-3
Let l(j) = 2*j**3 + 4*j**2 + j + 2. Let f(a) = 5*a**3 + 31*a**2 + 2*a - 7. Let o(k) = -f(k) + 4*l(k). Give o(5).
25
Let q = -81 + 105. Suppose q = -w + 14. Let b(v) = v**2 + 12*v + 17. Let o be b(w). Let a(c) = c**3 + c**2 - c - 4. Calculate a(o).
-19
Let y(a) = -a**2 + 21*a - 4. Let k(d) = -d**2 + 21*d - 4. Let z(j) = -2*k(j) + 3*y(j). What is z(18)?
50
Let b be -1*8*(-66)/12. Let l(h) = 12 + 43*h + b*h - 85*h. Let d be (-3)/(3*-1)*-9. Determine l(d).
-6
Let c(w) = w**3 + 5*w**2 - w - 1. Let u be c(-5). Suppose 5 = -15*b - 11*b + 161. Let k(i) = -u - 86*i**2 + 85*i**2 - 1 + b*i. What is k(7)?
-12
Let q(a) be the third derivative of 0*a + 0*a**3 - 1/8*a**4 - 73*a**2 + 1/20*a**5 + 0. Determine q(2).
6
Let g(q) = -4*q**3 + q**2 - q + 1. Suppose -325*d = -415*d - 180. Calculate g(d).
39
Suppose 0 = f - 5*i + 16, 2*f + 0*i - 43 = -5*i. Suppose 27 = 2*p + 3*n, 0 = 11*p - f*p + 2*n - 26. Let w(z) = z**3 - 13*z**2 + 13*z - 13. Give w(p).
-1
Let y(o) = o**3 + 6*o**2 - 4*o + 5. Let c be (21/4)/(24/(-1824)). Let d be 2751/c - (-2)/(-19). What is y(d)?
-16
Suppose 0 = -5*y + w + 4, 0*y - 5*y + 4*w + 16 = 0. Let i(b) = -6*b + 1. Let j(o) = 28*o - 5. Let z(t) = 5*i(t) + j(t). Determine z(y).
0
Let n(c) = 15*c - 69. Let s = -4766 + 4771. Determine n(s).
6
Let p(g) = g. Let o(u) = 1. Let q(y) = 6*o(y) - p(y). Suppose h + 4*j = -14, 0 = 5*h + 11*j - 15*j - 50. Give q(h).
0
Suppose 0 = -2*s + 4*s - 28. Let m(j) be the second derivative of j**4/12 - 5*j**3/2 + 6*j**2 + 51*j + 14. Determine m(s).
-2
Let y(r) = -11*r + 12 + 0 - 1 + r**2. Let u = -336 + 317. Let f = 28 + u. Determine y(f).
-7
Let l(k) be the second derivative of 3/2*k**3 + 1 + 125*k - 1/12*k**4 + 0*k**2. Give l(9).
0
Let m = -29 + 21. Let u(s) be the second derivative of -s**4/12 - 5*s**3/3 - 3*s**2/2 + 3*s - 28. Give u(m).
13
Let s(w) = w**2 - w + 2. Let x = -144 + -36. Let z be x/(-50)*5/2. Let m(v) = 5*v**2 - 5*v + 9. Let f(u) = z*s(u) - 2*m(u). What is f(0)?
0
Let z(y) = y**2 - 11*y + 26. Let n(m) = m**2 - 17*m + 56. Let w be n(13). Let j be z(w). Let s(b) = 2*b - 1. Calculate s(j).
-5
Let d(q) = 6*q - 131. Suppose -2*t - 3*w = -48, t + 15*w - 13 = 19*w. Let y be d(t). Let j(n) = -n**2 - 5*n - 5. What is j(y)?
-5
Let w(g) = 22*g + 1. Let d(v) = 133*v + 28. Let s(n) = d(n) - 6*w(n). What is s(-7)?
15
Let k(t) = 55*t**3 + t**2 - 3*t + 1. Suppose -5*b = g + 14, -3*g - 4*b - 9 = -0. Calculate k(g).
54
Let h(z) = -2*z**3 - 27*z**2 +